on divisor of 25 and 552775.
25
Calculate the greatest common divisor of 3752 and 1099.
7
What is the greatest common factor of 18 and 1214406?
18
Calculate the greatest common divisor of 44 and 2596.
44
Calculate the greatest common divisor of 30 and 1736320.
10
Calculate the highest common divisor of 2376 and 339876.
108
What is the greatest common divisor of 69 and 7751?
23
Calculate the greatest common divisor of 1724 and 3.
1
Calculate the highest common factor of 18906 and 2208.
138
Calculate the highest common factor of 452 and 203626.
226
Calculate the greatest common factor of 70598 and 814.
22
Calculate the highest common divisor of 149524 and 116.
116
Calculate the highest common factor of 717850 and 1172.
586
What is the greatest common factor of 7904 and 18696?
152
What is the greatest common factor of 189 and 1226799?
189
Calculate the highest common divisor of 602368 and 33304.
1448
Calculate the greatest common divisor of 856 and 2216.
8
Calculate the highest common divisor of 84 and 5844.
12
Calculate the highest common factor of 7663 and 3298.
97
What is the greatest common factor of 11107 and 4979?
383
Calculate the highest common factor of 168 and 3192.
168
Calculate the greatest common factor of 122412 and 20907.
303
What is the greatest common factor of 76 and 3971?
19
What is the highest common factor of 1254575 and 105?
35
Calculate the highest common factor of 36573 and 5913.
219
What is the greatest common factor of 2080 and 50180?
260
What is the highest common factor of 58325 and 25?
25
What is the greatest common divisor of 21824 and 19272?
88
Calculate the highest common factor of 42316 and 213964.
596
Calculate the greatest common divisor of 6016 and 640.
128
Calculate the greatest common factor of 399 and 594048.
21
What is the highest common divisor of 4400 and 32?
16
Calculate the greatest common divisor of 210 and 36240.
30
Calculate the greatest common factor of 10 and 36505.
5
What is the greatest common divisor of 20 and 22618040?
20
What is the highest common divisor of 9035 and 4069364?
1807
What is the greatest common divisor of 96 and 113824?
32
Calculate the greatest common divisor of 6655056 and 32.
16
Calculate the greatest common divisor of 14021 and 1.
1
What is the greatest common factor of 187322 and 2454?
818
What is the greatest common factor of 9590 and 1029?
7
What is the greatest common factor of 42 and 10113?
3
Calculate the highest common factor of 95905 and 65.
5
What is the highest common divisor of 216310 and 4850?
970
Calculate the greatest common divisor of 17 and 7001.
1
Calculate the highest common factor of 525 and 189.
21
What is the greatest common divisor of 60123 and 34251?
147
What is the greatest common divisor of 185981 and 42599?
1039
Calculate the greatest common divisor of 148302 and 36.
18
Calculate the highest common divisor of 9016 and 8441.
23
Calculate the greatest common divisor of 9648 and 34128.
144
Calculate the greatest common divisor of 6 and 68636.
2
Calculate the highest common factor of 4979 and 2743.
13
Calculate the highest common divisor of 635 and 16764.
127
Calculate the greatest common factor of 540 and 111348.
108
Calculate the highest common factor of 605 and 162635.
55
What is the highest common divisor of 256 and 110464?
128
Calculate the highest common divisor of 13514 and 58.
58
What is the highest common divisor of 118 and 453769?
59
Calculate the greatest common factor of 16890 and 2190.
30
Calculate the greatest common factor of 63736 and 32.
8
Calculate the greatest common divisor of 328904 and 8.
8
What is the greatest common factor of 221765 and 935?
85
Calculate the highest common divisor of 3611526 and 636.
318
Calculate the greatest common divisor of 581418 and 6402.
582
Calculate the highest common divisor of 945 and 98280.
945
Calculate the highest common divisor of 54272 and 126988.
212
Calculate the greatest common factor of 479659 and 410.
41
What is the highest common factor of 50304 and 2358?
786
Calculate the greatest common divisor of 43918 and 14.
14
What is the greatest common factor of 42 and 3444714?
42
What is the highest common divisor of 48 and 7152?
48
Calculate the highest common divisor of 3345 and 5685.
15
What is the highest common divisor of 5 and 9055?
5
Calculate the highest common factor of 62 and 311147.
31
Calculate the highest common factor of 1386 and 6185718.
1386
What is the greatest common divisor of 77 and 6811?
7
Calculate the highest common divisor of 229977 and 303.
303
What is the greatest common factor of 2169 and 6291?
9
What is the greatest common factor of 15 and 2515?
5
Calculate the greatest common factor of 112 and 17052.
28
What is the greatest common factor of 20 and 635?
5
What is the highest common divisor of 22 and 2716626?
22
Calculate the highest common divisor of 319884 and 133.
19
Calculate the highest common factor of 53185 and 1760.
55
What is the greatest common divisor of 47 and 27?
1
Calculate the greatest common divisor of 2170 and 4130.
70
Calculate the greatest common factor of 142179 and 10849.
571
Calculate the highest common factor of 6363 and 469.
7
What is the highest common factor of 1186124 and 68?
68
Calculate the greatest common divisor of 1649 and 8924.
97
What is the greatest common factor of 2740342 and 22?
22
What is the greatest common factor of 12382 and 5?
1
What is the highest common divisor of 15948 and 60?
12
Calculate the highest common divisor of 59058 and 110.
2
What is the highest common divisor of 117336 and 984?
24
What is the greatest common divisor of 504 and 8946?
126
What is the greatest common divisor of 413 and 4366?
59
Calculate the greatest common divisor of 52062 and 372.
6
What is the highest common divisor of 13141 and 153?
17
Calculate the highest common factor of 130 and 9195355.
65
What is the greatest common divisor of 132 and 7968?
12
What is the greatest common factor of 14 and 9251186?
14
What is the highest common divisor of 51945 and 795?
15
Calculate the highest common factor of 16259 and 3763.
71
What is the greatest common divisor of 63992 and 24?
8
Calculate the greatest common factor of 82362 and 9275.
371
Calculate the greatest common divisor of 24 and 10308.
12
Calculate the highest common factor of 590 and 10738.
118
What is the greatest common divisor of 45615 and 30?
15
Calculate the highest common divisor of 186560 and 20680.
440
What is the greatest common divisor of 387386 and 654?
218
What is the highest common divisor of 100830 and 390?
30
What is the greatest common factor of 439840 and 16?
16
What is the highest common factor of 51396 and 96?
12
What is the highest common factor of 13 and 26889?
1
What is the highest common divisor of 180 and 371340?
180
Calculate the greatest common factor of 226842 and 198.
66
What is the greatest common factor of 29223 and 68?
17
What is the greatest common factor of 1968 and 11184?
48
What is the highest common divisor of 15587 and 341?
11
What is the greatest common factor of 287941 and 58?
29
Calculate the highest common factor of 5315115 and 97.
97
What is the greatest common divisor of 14039 and 12649?
139
What is the highest common divisor of 583 and 8041?
11
Calculate the greatest common factor of 20574 and 20066.
254
What is the highest common factor of 4656 and 976?
16
Calculate the highest common divisor of 144 and 517392.
144
Calculate the greatest common divisor of 435 and 149505.
15
What is the greatest common factor of 212695 and 413?
413
Calculate the greatest common divisor of 7712 and 4288.
32
Calculate the highest common factor of 54 and 1011474.
54
Calculate the greatest common divisor of 176 and 30712.
88
What is the highest common divisor of 100625 and 3864?
161
What is the highest common factor of 418 and 5170?
22
What is the highest common factor of 3091 and 198?
11
What is the greatest common divisor of 902054 and 731?
731
Calculate the greatest common divisor of 6300 and 780.
60
What is the highest common factor of 1026 and 13794?
114
Calculate the greatest common divisor of 2 and 49213.
1
What is the greatest common factor of 117990 and 2214?
54
Calculate the greatest common factor of 1040 and 36.
4
Calculate the greatest common factor of 154200 and